0 = -5*y + 4*w - 1281 - 5393. Let s = i - y. Is s a prime number?
False
Suppose -3*p - 4*i = -45361, 0 = -2*p - 175*i + 176*i + 30259. Is p prime?
False
Let l be (-2*2/1 + 5)*4. Suppose -3*m - m = l*r - 6408, -5*r = -25. Is m a prime number?
True
Let o = 143311 - 89318. Is o a composite number?
False
Let k be (-28)/(-13) + (-10)/65. Suppose 0 = 4*r - 0*d + k*d - 26, -4*r = -4*d - 8. Suppose -365 = -3*v + q, 131 = -0*v + v - r*q. Is v a prime number?
False
Let n(d) = 9601*d - 557. Is n(6) prime?
False
Suppose 3*g = -2*y + y - 1285, 6414 = -5*y - 4*g. Is 72/(-48)*y/3 a prime number?
True
Suppose 2*l = 2*i - 459858, i + 113449 = -l - 116486. Is (l/(-144))/(6/16) prime?
False
Let i(f) = 1011*f - 1910. Is i(93) composite?
True
Let y(g) = 34648*g**2 + 23*g - 56. Is y(7) composite?
True
Let d(c) = 1. Let q(g) = 321*g - 2. Let n(z) = 4*d(z) + q(z). Suppose -289*y = -2360 + 337. Is n(y) a composite number?
True
Let q(m) = 22*m**2 - 2*m + 9. Let c(o) = 21*o**2 - 3*o + 7. Let s(w) = -5*c(w) + 6*q(w). Let x be (-4)/(-8) + (-9)/2. Is s(x) composite?
False
Let p(u) = -u**2 - 23*u + 61. Let r be p(-32). Let m = 928 + r. Is m a composite number?
False
Let m(y) = 432*y**2 + 252*y**2 + 1 - 3*y + 10*y**2 - 2*y. Is m(2) a prime number?
True
Let b = 424 - 420. Suppose -o - 9187 = -2*x, 14922 = b*x - 4*o - 3454. Is x a composite number?
True
Let v = -56476 + 100083. Is v a prime number?
True
Suppose 0 = -3*p - 3*y + 108, -p = 4*p + 3*y - 174. Suppose -6354 = -27*v + p*v. Let k = v - -1812. Is k a composite number?
True
Suppose -4*w + 1222244 = -5*a, 4*w + a = 482180 + 740016. Is w a composite number?
False
Suppose -i + k = -68946, k - 4*k = 2*i - 137902. Suppose 4*n - i = 21240. Is n prime?
False
Suppose -r = -3*i + 418274, 67*r = i + 66*r - 139428. Is i prime?
True
Let w be (-9)/((-270)/12) - 8746/(-10). Suppose -31*x + w = -38*x. Let g = 1314 - x. Is g composite?
False
Let a be -740*2/4*-7. Suppose r + 2*z - 4257 = 0, r - 5*z = -9*z + 4253. Let k = r - a. Is k a composite number?
True
Let l(m) = -m**2 - 7*m - 6. Let w be l(-4). Let q be 19 + (-12)/9*9/w. Suppose -q*x = -21*x + 7204. Is x a prime number?
True
Let f(a) = 73*a**2 + 115*a - 407. Is f(-34) a prime number?
True
Suppose -2145357 = -5*y + 2*s, -157*y + s = -161*y + 1716283. Is y a composite number?
True
Let c(n) = -n - 16. Let i be c(-21). Suppose i*q + 2*a = 7*q - 184, 476 = 5*q + 3*a. Is q a prime number?
False
Suppose 3*i = -21, -5*n + 13*i + 237830 = 18*i. Is n a composite number?
True
Let v be ((-24)/16)/((-3)/60). Is (108/v - 2/(-5)) + 1473 a prime number?
False
Let g(d) = -d**2 - 13*d - 8. Suppose -3*t = 3*q + 16 + 5, -t + 17 = -q. Let b be g(q). Suppose 7*c = b*c + 4497. Is c composite?
False
Let y = 22 - 20. Is -4 + 5050 + 3 + y a composite number?
False
Let s(d) = -d**2 - 5*d - 6. Let u be s(-2). Suppose 3*y - 4*y + 5*t = -23, y + 3*t - 7 = u. Is y a prime number?
True
Let h be 2/(6/(-3))*-2. Suppose -3*f = h*f - 1755. Suppose -3*b + f = -1518. Is b a prime number?
False
Suppose -55 = -5*d + 5*t, 2 - 27 = 5*t. Let j be (-30365)/45 + d/(-27). Let r = j - -1456. Is r prime?
False
Let l be 4 + -5*(4 + 19/(-5)). Suppose y - j - 26484 = 0, y = -l*y - 5*j + 105945. Is y composite?
True
Let k = 1368169 + -833274. Is k prime?
False
Let n(b) = -b**3 + 28*b**2 + 15*b + 213. Is n(27) composite?
True
Let r(a) = -a**3 + 5*a**2 + 7*a - 4. Let v be 5*(2/(-10))/((-2)/12). Let h be r(v). Suppose -6*j + 1644 = -h*j. Is j a composite number?
True
Let o(u) = -u - 3. Suppose -9 = v - j - 1, v - 4*j = -14. Let d be o(v). Suppose -3*g = -d, 6*f - 1183 = f + 2*g. Is f prime?
False
Let h(n) = -n**3 - 3*n**2 + 7*n - 2. Let x be h(-5). Suppose 16 = -m - 3*p, -4*p = 7 + x. Is 1658*(m/3 - 60/(-72)) composite?
False
Let a(p) be the third derivative of -229*p**4/24 - 11*p**3/6 - 2892*p**2. Let i be 4/14 + 88/(-14). Is a(i) a composite number?
True
Suppose 4 + 11 = -5*u. Let b = 1562 - 1561. Is b/u - (-1146)/9 a prime number?
True
Let m(p) = 1777*p**3 + 111*p - 39*p - 39*p - 34*p - 1 + 17*p**2. Is m(2) a prime number?
True
Let n be (7/(-4) + 2)*20. Suppose 0 = 4*w + 4*c - 3772, 4*c = 4*w - 1642 - 2170. Suppose k - 177 = -t, n*k - w = 5*t - 43. Is k a prime number?
True
Is -15*53156/(-12) - -12 a composite number?
False
Let m(k) be the third derivative of -k**5/60 - k**4/24 + 4*k**2. Let c be m(0). Is c + 10/5 + 1145 a prime number?
False
Let h(r) be the third derivative of -5*r**5/24 + 5*r**4/8 - 7*r**3/6 + 4*r**2. Let n(v) be the first derivative of h(v). Is n(-4) a composite number?
True
Suppose 3*c - 3077 = 916. Let p = c - -2416. Is p a composite number?
True
Let b(u) be the first derivative of 589*u**5/30 - u**4/24 - u**3/3 + 27*u**2/2 - 4. Let d(i) be the second derivative of b(i). Is d(-1) a composite number?
True
Let q be 4 - (-5)/(-4 + (-38)/(-10)). Let k = q - -20. Is (19/(-57))/((3 + k)/(-462)) a prime number?
False
Let p(s) = 15*s**3 + 15*s**2 + 7*s - 22. Let v be p(-11). Is ((-74)/(-6) - 1)*v/(-154) prime?
False
Let q be (3 - 2)/(1 + -2). Let h be (-5)/2*(q - 9). Suppose 27*d = h*d + 298. Is d prime?
True
Suppose 9*r = 3*r. Suppose 4*y = r, 4*y - y + 6604 = 4*l. Is l composite?
True
Let s(p) = -22 + 6 + 8*p**2 - 5*p + 6*p**3 - 7*p**3 - 15*p**2. Let m be 20/(-28) + 1 + (-102)/14. Is s(m) composite?
False
Let j(o) = -o**3 - o**2 - 2. Let t be j(-2). Suppose i - 4 = -t*n, -6*n = -4*i - n + 16. Is 86352/208 - i/26 a composite number?
True
Let g = 475365 - 326780. Is g a prime number?
False
Let d = -583837 + 862148. Is d composite?
True
Suppose -3*i = -4*i. Let o be 204795/82 + 10/(-4). Suppose i = 2*s - 7*s + o. Is s prime?
True
Let f(t) = 1. Let j(w) = 16*w - 16. Let s(m) = -32*f(m) + j(m). Let q be s(14). Suppose -804 = -4*l - q. Is l a composite number?
False
Let z(l) = 281*l**2 + 371*l**2 + 354*l**2 - 4 + 5*l - 156*l**2. Is z(3) prime?
False
Is 52/(-117) - 399541/(-9) prime?
False
Let p = -229 + 233. Suppose -3*u - 6*j + 12803 = -p*j, -4*j - 21353 = -5*u. Is u composite?
True
Let q(d) = 4223*d - 67. Let c be q(7). Suppose c + 398936 = 15*h. Is h composite?
True
Suppose -10 = -2*q, 4*q + 1621 + 1761 = -2*n. Let v = 601 - n. Is v a prime number?
False
Suppose -5*p + 14 = -22*d + 18*d, 5*p = 5*d + 10. Is (3/p + 0)*(0 + 62570) prime?
False
Suppose 2*x + 4*i = 9836, -7*x + 4*i = -3*x - 19612. Let l = x - 1315. Is l prime?
True
Is (5506735 - -19)/22 - (-5 - -5) composite?
False
Let z(l) = 35*l**2 + 9*l - 20. Let d(j) = -10*j - 279. Let i be d(-27). Is z(i) a composite number?
True
Suppose 0*p = 2*p + 2*v - 14, -4*v = 5*p - 31. Suppose 5*n + 552 = -u + 4*u, 4*u = p*n + 747. Let k = u + -110. Is k prime?
True
Let z = -301256 + 483365. Is z a composite number?
True
Suppose -471*t - 173673 = -480*t. Is t a prime number?
False
Let n(c) = 37*c - 29. Let s(g) = 37*g - 28. Let k(f) = -6*n(f) + 5*s(f). Suppose 2*a + 22 = -4*z, -z - 2*z = 5*a + 90. Is k(a) a prime number?
True
Suppose -6*j - 1 = -7*j. Let c be (j + 0)*(5 - 0). Suppose 0 = 4*x - 0*p + c*p - 4197, 2*p + 5205 = 5*x. Is x a prime number?
False
Suppose 1397*h + 1488972 = 1409*h. Is h a prime number?
False
Let q be (-1235260)/(-40) - -1*1/2. Suppose 38*p + q = 44*p. Is p composite?
False
Let z(w) = w**3 + w**2 - 6*w - 25. Let h = 75 + -121. Let y = h - -57. Is z(y) prime?
True
Let y be (-626)/(-4) - 0 - 35/70. Let l = y + 323. Is l a composite number?
False
Let w = 227826 + -150145. Is w a prime number?
True
Let p = -1419 + 352. Let h = -3273 - -1625. Let c = p - h. Is c a composite number?
True
Suppose -44723 = -16*o - 10339. Suppose -4*x - o = b - 11907, 5*b - 48714 = -x. Is b prime?
False
Suppose 1 = -2*t + 41. Suppose 0*k - 116 = -4*k + 4*r, -5*r = -t. Is 1*(3 + -5) + k/3 a composite number?
True
Suppose -22*p + 26670 = 4*j - 20*p, 5*j + 2*p = 33337. Is j a composite number?
True
Let w(p) = -167*p - 335. Is w(-32) prime?
True
Suppose 2*k - 168874 = 3*n, 42449 + 41988 = k + 4*n. Is k composite?
False
Suppose 4*o + 18075 = q, 3*q + q - o = 72240. Suppose 9*p - 90295 = 4*p + b, 0 = -p - 2*b + q. Is p composite?
False
Let i = 1479 - 1476. Let z be (-2)/5 - (-27)/5. Suppose 0 = 2*s - z*q - 3252, 3*s + i*q - 4401 = 456. Is s a prime number?
True
Let z = 521 - 513. Let p(c) = -44*c**2 - c - 1. Let m be p(-1). Is z/m + 1293/33 a composite number?
True
Let m(d) be the